 + b = s - 2789, 4196 = d*s + b. Is s prime?
False
Let n be 8/(-28) - (-37)/7. Suppose -f - 2*o = 27, n*f - 49 = -5*o - 169. Is (1052/(-6))/(7/f) a composite number?
True
Suppose -5*a = 5*n - 9*n - 26, 3*a + 3*n + 6 = 0. Suppose 19*h - 12971 = a*h. Is h a prime number?
False
Suppose -4965 = -5*u - 4*m, 2*u + 0*u - 1986 = -m. Suppose -4*d = -5*q + 13, 6*d - 27 = -3*q + 2*d. Suppose -4*b = -q*b + u. Is b composite?
True
Let n = 60 + -52. Suppose 5*z = 2*y + 3*z + 10, -n = -2*y - 4*z. Let r(i) = 209*i**2 - 5*i - 7. Is r(y) prime?
True
Suppose 3*h + 4*v - 6 - 3 = 0, 4*v = 2*h + 14. Let p be -3 + 9/(-4 - -1). Is -2174*(4 + h)/p composite?
False
Suppose 2*s - 125794 = -4*z, -z + 74657 = s + 11765. Is s a composite number?
True
Let u(n) = -6*n + 0*n - 9*n**2 - 15*n - 7 + 30 + 18*n**2. Is u(13) composite?
True
Let x = -143058 + 323089. Is x prime?
False
Let q = -114772 - -310571. Is q a prime number?
False
Let w = 6323 + -3160. Is w a prime number?
True
Suppose 0 = -3*h + 5*b + 63552, h + 3*b - 22471 = -1287. Suppose 4*f = -5*s - h, f + 15888 = -2*f - 4*s. Let g = -2807 - f. Is g a prime number?
False
Let j be (-528)/80 + (-6)/45*3. Let w(c) = 23*c**2 + 14*c + 13. Is w(j) a composite number?
True
Let h(g) = 2*g**2 + 5*g + 1. Let c be h(-4). Let s(b) = -b**3 + 8*b**2 - 14*b + 20. Let j be s(6). Suppose -c*i = -j*i - 1855. Is i prime?
False
Let m(n) = -3200*n - 73. Let a be (4 - 6)/(6 - 48/9). Is m(a) prime?
False
Let n(d) = 1408*d**2 + d + 22. Let m be n(-4). Let y = 31799 - m. Is y composite?
True
Suppose -2*b + 9 = -5*b - s, 0 = 5*b + 5*s + 15. Let h be 3 + (3 - (4 + b)). Suppose -120 = -h*o - 25. Is o prime?
True
Suppose 4*t = 51279 + 16381. Let z = t - 7344. Is z prime?
False
Let c(v) = 2*v**2 - 40 - 20*v**2 - 10*v**3 + 11*v**3 + 34*v. Is c(19) composite?
False
Suppose 11*q - 13708 + 3027 = 0. Suppose q + 220 = l. Let v = l - -1418. Is v a composite number?
False
Suppose -6 = -3*m - 0*m - 3*a, 15 = -3*a. Suppose -2810 = m*r - 20457. Is r a composite number?
False
Let i = 99211 + -33872. Is i composite?
True
Let a = 1714654 + -833447. Is a prime?
True
Let x(w) = w**3 - w**2 - 10*w - 3715. Let k be x(0). Let h = 1866 - k. Is h prime?
True
Suppose 5*g - 28*d - 145493 = -27*d, 0 = 4*g + 5*d - 116406. Is g prime?
False
Let f(g) = 62*g**2 - 17*g - 56. Let n be (-5 + 1 - 10)/(1*2). Is f(n) a composite number?
True
Let n = 122394 - -36593. Is n composite?
True
Let q = -36607 + 168480. Is q a prime number?
False
Let p = -3 - 46. Let y = p - -37. Let r(w) = -13*w + 13. Is r(y) prime?
False
Let w be (27811/(-14))/((-2)/4). Suppose 6*c = w + 7781. Is c a composite number?
True
Is ((-63)/(-30))/(-7) + (-3182799)/(-30) prime?
False
Let h(w) = 10*w**2 - 12*w - 29. Suppose 314*s = 310*s - 36. Is h(s) prime?
False
Let q(x) be the third derivative of -48649*x**6/120 + x**4/24 - x**3/6 - 181*x**2. Is q(-1) composite?
False
Let q = 1144 - 571. Let t = 178 + q. Is t composite?
False
Let a(b) = -b**2 + 8*b + 14. Let p be a(10). Let t be p/(-5)*25/15. Is (t/8*-254)/(3/(-42)) prime?
False
Let m be ((-3)/(-2))/(7/644). Suppose 66 - m = 4*h. Is (-4)/18 + (-5242)/h a composite number?
True
Let o(q) = q**2 - 15*q - 34. Let y be o(-18). Let p = -91 - y. Let f = -434 - p. Is f prime?
False
Let b = 589 + -587. Is ((-16554)/(-12) + 4)*b composite?
False
Suppose 2*m + 4*j + 3597 = -9415, 3*j = -4*m - 26039. Let a = 2999 - m. Is a prime?
True
Suppose 0 = -7*y - 2*y + 18. Let b(l) = -2*l**3 + 17*l**2 - 9*l + 6. Let m(x) = x**3 - 8*x**2 + 5*x - 3. Let r(g) = y*b(g) + 5*m(g). Is r(7) composite?
True
Let v = -274 + 276. Is 28/16 - v - (-252240)/64 composite?
True
Let r(g) = 5*g. Let l be r(-4). Let s = l + 14. Let b(d) = -d**3 - 5*d**2 - 6*d - 14. Is b(s) prime?
False
Let x(o) = 42245*o + 753. Is x(8) composite?
True
Suppose -80*c + 64*c = -21584. Is c a prime number?
False
Suppose -6 = z, 0 = -52*h + 54*h - z - 71764. Is h composite?
False
Suppose -5*w = 3*x - 849950, -5*x - 64973 = -2*w + 274976. Is w prime?
True
Let c be -6 + 10/8 - 2/8. Is (-12355)/(-40) - c - (-2)/16 prime?
False
Is (-6581)/(-5)*263 + (-4744)/2965 composite?
True
Let g = -289 + 301. Suppose -g*h = -22*h + 112810. Is h composite?
True
Suppose a = -3*a + 12, -c - 4*a = -20. Suppose -c*b + 19*b = 12793. Is b a prime number?
True
Let c = -48 - -55. Let d be 1*1/c - (-4072)/14. Suppose 5*t = -4*z + 301, 4*z + 0*z = -3*t + d. Is z a prime number?
False
Suppose 5*p = -p + 6450. Suppose 2*y - p = -297. Is y composite?
False
Let q(h) = -2*h**2 - 116*h + 10. Let o be q(-11). Let m = -257 + o. Is m a prime number?
True
Suppose u - 740 = 6392. Let b = 105 + u. Is b a prime number?
True
Let b(m) = 683*m**2 - 16*m. Let f be b(-2). Suppose -f = 303*p - 307*p. Is p a prime number?
True
Let w be (-4*(-24)/(-16))/(-2). Suppose -5*z = -3*c - 38168, -7*c = -3*z - w*c + 22903. Is z a prime number?
False
Suppose -1375*u + 1356*u + 11742437 = 0. Is u a composite number?
True
Let b = -233 - -4975. Let o = 12169 - b. Is o prime?
False
Is 251574/(-92)*(-136)/(-12)*-1 prime?
False
Let j be 12/2*(6/(-4) + 1). Is ((-1461)/(-6 - j))/(2/2) a prime number?
True
Suppose 6*i - 26 - 166 = 0. Suppose i*b - 16570 = 30*b. Is b prime?
False
Let g = -12 - -17. Suppose 0 = -g*a + 4*k - 1302, -3*k - 778 = 3*a - 7*k. Let b = 671 + a. Is b prime?
True
Let u(t) = -2*t**3 - t**2 + t + 75. Let r be u(0). Is 17784/5 + 0 + 15/r composite?
False
Suppose 4*q + 155 = 3*a, -2*a - 2*q + 76 = -32. Let j be 9/(-27) - (-20731)/3. Suppose a*h - 48*h - j = 0. Is h prime?
False
Let u = 14848 + -8379. Is u a prime number?
True
Is (-4)/10*65/91 + (-756872)/(-14) prime?
False
Let k be 60/(-28) - (-5)/35 - 90. Let u = 271 + k. Is (u/(-1)*1*-1)/1 prime?
True
Is 14/(-49)*(-56)/8 + 3*21433 composite?
False
Let b(u) = u**3 - 8*u**2 - 9*u - 16. Let i be b(9). Let d be 9/(-12) + (-7548)/i. Suppose 2*m - m - 471 = -3*q, -d = -m + 3*q. Is m prime?
False
Suppose 931*y - 894*y - 6995183 = 0. Is y a prime number?
False
Let o(j) = 8845*j + 10. Let z be o(1). Is (-3 - (6 - z)) + 5 prime?
False
Let t = 155307 - 78346. Is t composite?
False
Let j be (-2829)/(-164)*((-48)/9)/1. Is ((-42)/(-12) - -3)/((-2)/j) prime?
False
Suppose 4*x = -5*z + 3580721, z = 17 - 24. Is x prime?
True
Suppose y = 4 - 3, 4*l - 198237 = -y. Is l a prime number?
True
Suppose 0 = -5*f - 2*c + 16, 4*f + 5*c = 2*f - 2. Suppose 9 = 3*m, f*n + 0*m = -3*m + 3517. Is n composite?
False
Let l be (26 + -27)/((-1)/(-20347)). Let i = l + 33800. Is i prime?
False
Suppose -4306126 = -19*b + 467514 + 186709. Is b a composite number?
False
Let p(m) = -15710*m - 102. Let s be p(-7). Suppose -z - s = -45*z. Is z prime?
False
Suppose 1245087 = 19*f - 1151300 - 38900. Is f prime?
True
Suppose 0 = -5*g + 1744 + 8966. Let a = g - 883. Is a a prime number?
True
Let g be 511 + 3 + 1/(-1). Let f = 977 + g. Is 6/(-4) - f/8*-10 a composite number?
False
Suppose -5*g - 6792 = 48. Let u = g - -2202. Let s = -19 + u. Is s prime?
False
Is (-73)/(1898/312) + 338321 composite?
False
Let m(y) = 34*y**3 + 5*y**2 + 24. Let p be m(6). Suppose -5*i = -997 - p. Is i a prime number?
True
Let k be ((-3)/2)/((-18)/13368). Let a(l) = 3*l**3 - 18*l**2 - 10*l - 4. Let j be a(15). Suppose k + j = 15*r. Is r prime?
False
Let l(m) = 5*m**2 + 12*m - 23. Let w(v) = 4*v**2 + 11*v - 23. Let b(p) = 3*l(p) - 4*w(p). Let s be b(-10). Is 421*((-9)/s)/6*-6 a prime number?
False
Let z(b) = 59*b**2 - 5*b + 3. Let a be z(-8). Let g = -2061 + a. Suppose 2*h = -4*h + g. Is h a prime number?
True
Let y(f) = 19*f**2 - 11*f - 9. Let w be y(-9). Suppose -8145 = 5*d + 4*a, -d + a - w = -0*a. Is d/(-6) - (-1)/(-2) a composite number?
False
Suppose 105*r + 28319483 - 83887655 = 35701293. Is r prime?
True
Suppose -8*r + 20*r - 1656 = 0. Let o be 145*(r/(-30) - -5). Suppose -o*n + 57*n = -2517. Is n a composite number?
True
Let l = 40663 + -24134. Is l a prime number?
True
Let k(b) = -1136*b + 853. Is k(-8) a composite number?
False
Suppose 2*y - 5 = -3*x, 8*y = 2*x + 9*y - 5. Is -1 + (x - (-2473 + 4)) a composite number?
False
Suppose 9*g + 21569 = -34834. Let q = 11204 + g. Is q a composite number?
False
Suppose 5*a + 11759 = 3694. Let i = a - -794. Let c = i + 1212. Is c a composite number?
True
Suppose 9*v - 8*v - 4877 = -4*d, -3*v = -5*d + 6109. Let m(g) = -216*g**3 - 2*g**2 